095. Calculate d(-242).
137
Let b(k) = k**3 + 7*k**2 + 13*k - 786. Determine b(0).
-786
Let v(o) = 2*o**3 - 89*o**2 - 51*o - 339. What is v(45)?
-609
Let y(u) = 3396*u + 336292. Give y(-99).
88
Let s(l) = -2*l**2 - 740*l + 19740. Determine s(25).
-10
Let w(d) = -19*d**3 - 13*d**2 + 23*d + 14. Give w(3).
-547
Let v(w) = 676*w + 11155. What is v(-16)?
339
Let q(b) = -b**3 - 22*b**2 - 333*b - 1577. Calculate q(-7).
19
Let x(s) = 7*s**2 + 1362*s - 1088. Give x(-195).
-503
Let g(p) = 1237*p**2 - 21027*p - 30. Calculate g(17).
4
Let r(s) = 4091*s**3 + 20447*s**2 - 44*s - 39. Calculate r(-5).
-19
Let k(f) = 2*f**2 - 1126*f + 114382. Calculate k(133).
2
Let f(x) = -1913*x - 178148. Give f(-93).
-239
Let v(h) = 745*h - 55408. What is v(74)?
-278
Let q(r) = -2*r**3 - 13*r**2 + 41*r - 101. What is q(-9)?
-65
Let j(f) = f**3 + 583*f**2 - 4605*f - 996. What is j(8)?
-12
Let d(w) = 3208*w + 60954. Give d(-19).
2
Let p(s) = -11768*s - 564817. Determine p(-48).
47
Let t(o) = -118*o**2 + 1001*o - 262. Give t(8).
194
Let p(z) = -7*z**2 - 165*z - 661. Calculate p(-5).
-11
Let o(x) = x**2 + 1705*x - 36243. Calculate o(21).
3
Let y(s) = 401*s + 19686. Determine y(-49).
37
Let t(z) = 18*z - 4234. Determine t(244).
158
Let g(h) = -h**3 - 115*h**2 + 1397*h + 1380. Determine g(-126).
-6
Let v(y) = -5*y**2 + 4742*y + 38267. Calculate v(-8).
11
Let m(f) = f**2 + 398*f + 20235. What is m(-341)?
798
Let r(d) = -d**2 - 85*d - 642. Determine r(-38).
1144
Let z(x) = x**2 - 16515*x - 1194380. Determine z(-72).
-116
Let c(t) = 2*t**2 + 254*t + 2720. What is c(-116)?
168
Let f(o) = -89*o**2 - 887*o - 82. Determine f(-10).
-112
Let r(b) = 39*b**2 - 5074*b - 66. What is r(130)?
-586
Let d(g) = -1611*g**2 - 41885*g + 29. Give d(-26).
3
Let p(z) = -267*z + 1518. Give p(8).
-618
Let a(v) = 2*v**3 + 2*v**2 + 72*v + 374. Give a(-4).
-10
Let i(x) = -x**3 + 28*x**2 - 112*x + 2290. Determine i(27).
-5
Let d(q) = 3083*q - 9172. Give d(3).
77
Let d(m) = -2*m**2 - 17598*m - 333610. Give d(-19).
30
Let i(b) = b**2 + 27459*b - 357132. Determine i(13).
4
Let u(t) = 4*t**3 + 153*t**2 - 42*t + 140. Calculate u(-39).
-2785
Let o(x) = -3*x**2 - 370*x + 2158. What is o(-130)?
-442
Let t(q) = 10*q**2 + 368*q + 2439. Calculate t(-28).
-25
Let w(g) = g**2 + 138*g + 1083. What is w(-8)?
43
Let w(h) = 541*h + 126108. What is w(-233)?
55
Let y(b) = -171*b + 28228. Calculate y(165).
13
Let c(n) = 131439*n - 90561464. What is c(689)?
7
Let y(r) = -1922*r - 84544. What is y(-44)?
24
Let f(n) = 2*n**2 - 4187*n - 25192. What is f(-6)?
2
Let w(h) = h**3 + 71*h**2 + 604*h - 78. Determine w(-61).
288
Let n(b) = -b**3 + 67*b**2 + 28*b - 1788. Give n(67).
88
Let p(u) = u**3 - 74*u**2 + 198*u - 8426. Determine p(73).
699
Let t(a) = -39395*a - 118266. Give t(-3).
-81
Let a(l) = l**2 - 261*l + 11673. Give a(200).
-527
Let d(k) = 49*k**3 - 15*k**2 - 101*k - 132. Give d(-3).
-1287
Let o(g) = 4*g**3 + 209*g**2 + 1573*g - 294. Determine o(-43).
480
Let t(r) = -3*r**2 - 160*r + 3390. Determine t(19).
-733
Let l(v) = -v**3 - 457*v**2 - 2263*v - 1149. Determine l(-452).
207
Let c(h) = 2*h**3 + 265*h**2 + 142*h + 1387. What is c(-132)?
67
Let c(k) = 11220*k + 179771. Determine c(-16).
251
Let g(n) = 39*n**2 - 187*n - 1743. Determine g(7).
-1141
Let h(j) = -7957*j + 3612468. Give h(454).
-10
Let x(n) = 712*n + 370628. Determine x(-521).
-324
Let n(b) = 10*b**2 - 107*b - 233. Give n(16).
615
Let w(d) = 17905*d + 18099. Give w(-1).
194
Let j(k) = 4*k**3 - 170*k**2 + 1288*k + 40. Give j(10).
-80
Let x(p) = 6646*p - 206081. Determine x(31).
-55
Let z(n) = -89*n**3 + 7*n**2 - 8*n - 5. Determine z(2).
-705
Let t(w) = 1730628*w - 15575659. What is t(9)?
-7
Let g(u) = -1379*u - 35224. Give g(-26).
630
Let i(q) = 26*q**3 - 31*q**2 + 12*q - 79. Give i(5).
2456
Let d(i) = i**2 - 181*i + 9044. Give d(105).
1064
Let p(q) = 35006*q + 175029. Determine p(-5).
-1
Let l(a) = -2965*a + 228306. What is l(77)?
1
Let p(z) = 40*z**2 + 1423*z - 8165. Calculate p(5).
-50
Let c(x) = -20*x**2 - 2*x + 1. What is c(-7)?
-965
Let d(n) = -2*n**2 + 383387*n - 9200128. What is d(24)?
8
Let r(u) = -1978*u**2 + 90986*u + 80. Determine r(46).
-12
Let n(w) = 5297*w + 2457802. Calculate n(-464).
-6
Let x(a) = -21*a**2 - 37*a + 132. Determine x(4).
-352
Let q(d) = -d**3 + 9*d**2 - 32*d - 88. Determine q(13).
-1180
Let b(d) = d**3 - 62*d**2 + 930*d - 1376. What is b(39)?
-89
Let h(w) = 4925*w - 4913. Give h(1).
12
Let k(d) = 516*d + 1378. Calculate k(-5).
-1202
Let j(w) = -w**2 + 16601*w + 66428. What is j(-4)?
8
Let z(u) = -3*u**2 - 1413*u - 139076. Calculate z(-331).
-56
Let g(b) = -2*b**2 + 11003*b + 55050. Give g(-5).
-15
Let t(v) = -5*v**3 - 58*v**2 + 20*v + 585. Give t(-12).
633
Let h(l) = 94385*l - 1321400. What is h(14)?
-10
Let l(v) = 47*v**2 + 843*v + 763. Calculate l(-17).
15
Let v(j) = -6*j**3 + 288*j**2 + 1272*j - 217. Determine v(52).
1031
Let m(r) = -1770*r + 5686. Calculate m(3).
376
Let y(h) = -12*h**3 + 681*h**2 - 38*h + 11906. Give y(57).
-7
Let m(h) = -3*h**3 + 129*h**2 + 662*h - 8. Give m(-5).
282
Let g(w) = 2*w**2 - 394*w - 28331. Determine g(-56).
5
Let z(q) = 2*q**3 - 27*q**2 - 265*q + 5. What is z(20)?
-95
Let x(w) = w**3 + 10*w**2 - 160*w - 101. Calculate x(-19).
-310
Let v(h) = -11*h**2 + 101*h + 2404. Give v(20).
24
Let i(m) = -m**3 + 1048*m**2 + 9623*m + 978. Give i(-9).
-12
Let g(m) = 15*m**2 + 175*m - 5991. What is g(15)?
9
Let d(y) = 70406*y + 211127. Give d(-3).
-91
Let l(y) = -46022*y - 184480. Determine l(-4).
-392
Let a(x) = -x**2 + 91561*x + 2106441. Calculate a(-23).
9
Let x(s) = -69691*s + 1742277. What is x(25)?
2
Let a(b) = -107093*b + 32449176. Determine a(303).
-3
Let z(d) = 2*d**2 + 184369*d - 2581563. Determine z(14).
-5
Let k(j) = 31995*j + 1023840. Determine k(-32).
0
Let f(j) = 1315*j**2 - 17*j - 16. What is f(-1)?
1316
Let t(v) = 874*v**3 - 11*v**2 + 22*v - 11. Determine t(1).
874
Let i(m) = 8*m**2 + 52*m - 1463. Give i(0).
-1463
Let n(i) = -52772*i + 633255. What is n(12)?
-9
Let j(n) = 40055*n + 3324563. Give j(-83).
-2
Let l(j) = -483*j + 117828. What is l(244)?
-24
Let d(c) = -55387*c - 276927. Give d(-5).
8
Let o(v) = -v**3 + 4*v**2 + 56*v + 320. Calculate o(-8).
640
Let u(k) = -578*k + 9296. Give u(14).
1204
Let g(v) = -893*v - 27783. Calculate g(-31).
-100
Let w(j) = j**2 + 3832*j - 498714. What is w(126)?
-6
Let b(z) = 3627*z - 62004. What is b(17)?
-345
Let q(j) = -j**2 + 437*j - 25093. Calculate q(68).
-1
Let d(t) = -2*t**3 + 24*t**2 + 1616*t + 399. Determine d(35).
609
Let t(c) = 50415*c + 201734. What is t(-4)?
74
Let z(n) = 2*n**3 - 112*n**2 + 190*n + 1552. Determine z(54).
148
Let x(c) = 12*c**3 + 43*c**2 - 3765*c - 15029. What is x(-4)?
-49
Let v(r) = r**3 + 9*r**2 - 9*r + 176. Calculate v(-12).
-148
Let d(a) = 2*a**3 - 371*a**2 + 3169*a + 73. Determine d(9).
1
Let r(g) = 5*g**3 + g**2 - 4*g - 62. Give r(-4).
-350
Let p(i) = -i**3 + 1079*i**2 - 147054*i + 2232. Give p(160).
-8
Let i(g) = -g**2 + 26*g + 7902. Determine i(100).
502
Let w(k) = k**2 + 842*k - 56998. Calculate w(63).
17
Let n(q) = 57*q**2 - 2545*q - 911. What is n(45)?
-11
Let o(s) = 5365*s**3 + 26824*s**2 + 17*s + 95. What is o(-5)?
-15
Let t(f) = -27*f**2 + 52506*f + 263218. What is t(-5)?
13
Let q(b) = 15*b + 214. Determine q(-28).
-206
Let t(p) = -7*p**2 + 175365*p + 526128. Give t(-3).
-30
Let s(h) = -111*h**2 + 56841*h - 4834. Give s(512).
-226
Let i(k) = -k**2 + 10506*k + 814893. What is i(-77)?
2
Let g(m) = 22*m**3 + 2659*m**2 - 23087*m + 505. Give g(-129).
-11
Let k(v) = -v**3 - 623*v**2 - 10235*v + 1125. Give k(-17).
-14
Let u(f) = 216071*f - 3889260. Give u(18).
18
Let t(h) = 4953*h - 356619. What is t(72)?
-3
Let i(g) = -g**3 + 99*g**2 + 453*g + 460. Give i(-3).
19
Let j(s) = 276*s**2 + 14632*s + 58. Determine j(-53).
-154
Let b(i) = i**2 - 413*i + 28832. What is b(89)?
-4
Let b(q) = 9692*q - 843176. Calculate b(87).
28
Let k(f) = -12*f**2 - 625*f - 140. What is k(-52)?
-88
Let z(l) = l**3 + 58*l**2 - 242*l + 391. What is z(-62)?
19
Let l(t) = 133838*t + 1472204. What is l(-11)?
-14
Let b(p) = -3*p**3 - 256*p**2 + 7133*p + 613526. Calculate b(-85).
-4
Let v(n) = -n**2 + 520*n + 146755. Calculate v(723).
-14
Let s(r) = -3*r**3 + 62*r**2 + 637*r - 12829. Calculate s(21).
107
Let a(x) = -2937*x + 85396. Calculate a(29).
223
L